{"id":61,"date":"2020-07-06T06:56:44","date_gmt":"2020-07-06T06:56:44","guid":{"rendered":"http:\/\/little-steps.org\/?page_id=61"},"modified":"2023-06-08T12:51:42","modified_gmt":"2023-06-08T12:51:42","slug":"startseite","status":"publish","type":"page","link":"https:\/\/little-steps.org\/","title":{"rendered":"Home"},"content":{"rendered":"\n<p class=\"has-medium-font-size\">Herzlich willkommen auf der homepage des F\u00f6rdervereins <br>&#8222;Little Steps&#8220;.<\/p>\n\n\n\n<p class=\"has-medium-font-size\">Auf unseren Seiten k\u00f6nnen Sie sich \u00fcber die Arbeit des Vereins <br>informieren.<\/p>\n","protected":false},"excerpt":{"rendered":"<p>Herzlich willkommen auf der homepage des F\u00f6rdervereins &#8222;Little Steps&#8220;. Auf unseren Seiten k\u00f6nnen Sie sich \u00fcber die Arbeit des Vereins informieren.<\/p>\n","protected":false},"author":1,"featured_media":0,"parent":0,"menu_order":0,"comment_status":"closed","ping_status":"closed","template":"","meta":{"footnotes":""},"class_list":["post-61","page","type-page","status-publish","hentry"],"_links":{"self":[{"href":"https:\/\/little-steps.org\/index.php?rest_route=\/wp\/v2\/pages\/61","targetHints":{"allow":["GET"]}}],"collection":[{"href":"https:\/\/little-steps.org\/index.php?rest_route=\/wp\/v2\/pages"}],"about":[{"href":"https:\/\/little-steps.org\/index.php?rest_route=\/wp\/v2\/types\/page"}],"author":[{"embeddable":true,"href":"https:\/\/little-steps.org\/index.php?rest_route=\/wp\/v2\/users\/1"}],"replies":[{"embeddable":true,"href":"https:\/\/little-steps.org\/index.php?rest_route=%2Fwp%2Fv2%2Fcomments&post=61"}],"version-history":[{"count":15,"href":"https:\/\/little-steps.org\/index.php?rest_route=\/wp\/v2\/pages\/61\/revisions"}],"predecessor-version":[{"id":573,"href":"https:\/\/little-steps.org\/index.php?rest_route=\/wp\/v2\/pages\/61\/revisions\/573"}],"wp:attachment":[{"href":"https:\/\/little-steps.org\/index.php?rest_route=%2Fwp%2Fv2%2Fmedia&parent=61"}],"curies":[{"name":"wp","href":"https:\/\/api.w.org\/{rel}","templated":true}]}}