{"id":36,"date":"2020-07-04T10:27:08","date_gmt":"2020-07-04T10:27:08","guid":{"rendered":"http:\/\/little-steps.org\/?page_id=36"},"modified":"2025-07-21T08:49:15","modified_gmt":"2025-07-21T08:49:15","slug":"vorstand","status":"publish","type":"page","link":"https:\/\/little-steps.org\/?page_id=36","title":{"rendered":"Vorstand"},"content":{"rendered":"\n<p class=\"has-text-align-left has-medium-font-size\"><strong>Helga Ottow (1. Vorsitzende) <\/strong><br>helga.ottow@little-steps.org<br><strong>Johannes Heymann (2. Vorsitzender)<\/strong><br>johannes.heymann@little-steps.org<br><strong>Wolfgang Wendt (Schatzmeister)<\/strong><br>wolfgang.wendt@little-steps.org<br><strong>Ortrud Nowak-Wendt (Schriftf\u00fchrerin)<\/strong><br>ortrud.nowak-wendt@little-steps.org<br><strong>Dr. Ulrich Sch\u00f6ntube (Beisitzer) <\/strong><br>ulrich.schoentube@little-steps.org<\/p>\n\n\n\n<p class=\"has-medium-font-size\"><strong>Alexander Nitschke (ehrenamtlicher Gesch\u00e4ftsf\u00fchrer)<\/strong><br>alexander.nitschke@little-steps.org<br><\/p>\n\n\n\n<p class=\"has-medium-font-size\"><strong>Den Gesamt-Vorstand erreichen sie unter der E-Mail-Adresse:<\/strong><\/p>\n\n\n\n<p class=\"has-medium-font-size\"><strong>vorstand@little-steps.org<\/strong><\/p>\n\n\n\n<p><\/p>\n","protected":false},"excerpt":{"rendered":"<p>Helga Ottow (1. Vorsitzende) helga.ottow@little-steps.orgJohannes Heymann (2. Vorsitzender)johannes.heymann@little-steps.orgWolfgang Wendt (Schatzmeister)wolfgang.wendt@little-steps.orgOrtrud Nowak-Wendt (Schriftf\u00fchrerin)ortrud.nowak-wendt@little-steps.orgDr. Ulrich Sch\u00f6ntube (Beisitzer) ulrich.schoentube@little-steps.org Alexander Nitschke (ehrenamtlicher Gesch\u00e4ftsf\u00fchrer)alexander.nitschke@little-steps.org Den Gesamt-Vorstand erreichen sie unter der E-Mail-Adresse: vorstand@little-steps.org<\/p>\n","protected":false},"author":1,"featured_media":0,"parent":0,"menu_order":0,"comment_status":"closed","ping_status":"closed","template":"","meta":{"footnotes":""},"class_list":["post-36","page","type-page","status-publish","hentry"],"_links":{"self":[{"href":"https:\/\/little-steps.org\/index.php?rest_route=\/wp\/v2\/pages\/36","targetHints":{"allow":["GET"]}}],"collection":[{"href":"https:\/\/little-steps.org\/index.php?rest_route=\/wp\/v2\/pages"}],"about":[{"href":"https:\/\/little-steps.org\/index.php?rest_route=\/wp\/v2\/types\/page"}],"author":[{"embeddable":true,"href":"https:\/\/little-steps.org\/index.php?rest_route=\/wp\/v2\/users\/1"}],"replies":[{"embeddable":true,"href":"https:\/\/little-steps.org\/index.php?rest_route=%2Fwp%2Fv2%2Fcomments&post=36"}],"version-history":[{"count":14,"href":"https:\/\/little-steps.org\/index.php?rest_route=\/wp\/v2\/pages\/36\/revisions"}],"predecessor-version":[{"id":780,"href":"https:\/\/little-steps.org\/index.php?rest_route=\/wp\/v2\/pages\/36\/revisions\/780"}],"wp:attachment":[{"href":"https:\/\/little-steps.org\/index.php?rest_route=%2Fwp%2Fv2%2Fmedia&parent=36"}],"curies":[{"name":"wp","href":"https:\/\/api.w.org\/{rel}","templated":true}]}}